{"id":812,"date":"2020-02-05T22:36:33","date_gmt":"2020-02-05T20:36:33","guid":{"rendered":"http:\/\/smalaelefanten.com\/beer\/?page_id=812"},"modified":"2020-02-08T13:57:06","modified_gmt":"2020-02-08T11:57:06","slug":"om-betygsskalan","status":"publish","type":"page","link":"https:\/\/smalaelefanten.com\/beer\/om-betygsskalan\/","title":{"rendered":"Om betygs\u00e4ttningen"},"content":{"rendered":"\n<p>Jag \u00e4r ingen \u00f6lexpert kan jag med l\u00e4tthet erk\u00e4nna.<br>Har i princip ingen koll p\u00e5 de olika \u00f6lstilarnas tillverkningsprocesser och vad som s\u00e4rskiljer dem fr\u00e5n varandra om n\u00e5gon skulle fr\u00e5ga mig mitt i natten, utan jag g\u00e5r mestadels enbart p\u00e5 huruvida jag tycker \u00f6let \u00e4r gott eller inte n\u00e4r jag s\u00e4tter mina betyg och ger mina kommentarer. Dock anser jag att ju dyrare ett \u00f6l \u00e4r desto h\u00f6gre krav p\u00e5 det, och d\u00e5 kan priset som s\u00e5dant s\u00e4nka ett betyg om det \u00e4r sv\u00e5rbed\u00f6mt.<br>Ha g\u00e4rna detta i \u00e5tanke om jag klankar ner p\u00e5 ett \u00f6l som eventuellt smakar som det ska g\u00f6ra (eller inte g\u00f6ra) enligt sin t\u00e4nkta stil och du tycker annorlunda. <\/p>\n\n\n\n<p>Jag s\u00e4tter betyg p\u00e5 de \u00f6l jag provat p\u00e5 en skala fr\u00e5n 1 till 10. Detta \u00e4r dock ingen rak skala, eller en enkel dubblering av en skala 1-5, utan mer en &#8221;l\u00e5ng startstr\u00e4cka med svaga betyg med en snabb acceleration till h\u00f6gt betyg p\u00e5 slutet&#8221;. <\/p>\n\n\n\n<p>Ungef\u00e4r s\u00e5 h\u00e4r skulle man kunna gradera\/gruppera min skala om det vore textbeskrivningar ist\u00e4llet f\u00f6r sifferv\u00e4rden:<\/p>\n\n\n\n<ul><li> 1-3: &#8221;V\u00e4ldigt mycket underk\u00e4nd i fr\u00e5ga om att ens smaka eller k\u00e4nnas som \u00f6l. Undvik om det \u00e4r \u00f6l du vill dricka.&#8221; <\/li><li> 4-6: &#8221;Underk\u00e4nd p\u00e5 det stora hela och troligen inget jag skulle k\u00f6pa igen. Kan dock vara gott enskilda klunkar.&#8221; <\/li><li> 7-8: &#8221;Godk\u00e4nd niv\u00e5 d\u00e4r \u00f6let \u00e4r gott hela tiden och jag verkligen kan rekommendera det till andra. H\u00e4r hamnar de flesta \u00f6l jag gillar.&#8221; <\/li><li> 9: &#8221;V\u00e4l godk\u00e4nd med det lilla extra som g\u00f6r att jag njuter lite mer och k\u00e4nner att n\u00e4sta kommer att smaka lika bra oavsett n\u00e4r.&#8221; <\/li><li> 10: &#8221;Finns det verkligen ett helt felfritt \u00f6l p\u00e5 alla s\u00e4tt och vis g\u00e4llande smak, beska, pris, k\u00e4nsla, utseende osv? Det tror jag inte, men skulle det dyka upp ett s\u00e5dant s\u00e5 hamnar det h\u00e4r och jag vore v\u00e4ldigt n\u00f6jd och glad med att ha funnit det.&#8221; <\/li><\/ul>\n\n\n\n<p>Att det sedan inom olika block (eller sinsemellan blocken) kan vara sm\u00e5 skillnader s\u00e4ger sig sj\u00e4lvt, d\u00e5 &#8221;dagsformen&#8221; p\u00e5 dels \u00f6let i sig och mig som testare s\u00e4kert skulle kunna ge olika betyg fr\u00e5n g\u00e5ng till g\u00e5ng.<\/p>\n\n\n\n<p>S\u00e5 se inte betygen som huggna i sten och helt 100 % r\u00e4ttvisa att j\u00e4mf\u00f6ra med varandra fr\u00e5n \u00f6l till \u00f6l, utan mer som en v\u00e4gledning om mitt omd\u00f6me just d\u00e4r och d\u00e5 n\u00e4r jag testade \u00f6let ifr\u00e5ga. <\/p>\n","protected":false},"excerpt":{"rendered":"<p>Jag \u00e4r ingen \u00f6lexpert kan jag med l\u00e4tthet erk\u00e4nna.Har i princip ingen koll p\u00e5 de olika \u00f6lstilarnas tillverkningsprocesser och vad som s\u00e4rskiljer dem fr\u00e5n varandra om n\u00e5gon skulle fr\u00e5ga mig mitt i natten, utan jag g\u00e5r mestadels enbart p\u00e5 huruvida jag tycker \u00f6let \u00e4r gott eller inte n\u00e4r jag s\u00e4tter mina betyg och ger mina [&hellip;]<\/p>\n","protected":false},"author":1,"featured_media":0,"parent":0,"menu_order":0,"comment_status":"closed","ping_status":"closed","template":"","meta":[],"_links":{"self":[{"href":"https:\/\/smalaelefanten.com\/beer\/wp-json\/wp\/v2\/pages\/812"}],"collection":[{"href":"https:\/\/smalaelefanten.com\/beer\/wp-json\/wp\/v2\/pages"}],"about":[{"href":"https:\/\/smalaelefanten.com\/beer\/wp-json\/wp\/v2\/types\/page"}],"author":[{"embeddable":true,"href":"https:\/\/smalaelefanten.com\/beer\/wp-json\/wp\/v2\/users\/1"}],"replies":[{"embeddable":true,"href":"https:\/\/smalaelefanten.com\/beer\/wp-json\/wp\/v2\/comments?post=812"}],"version-history":[{"count":15,"href":"https:\/\/smalaelefanten.com\/beer\/wp-json\/wp\/v2\/pages\/812\/revisions"}],"predecessor-version":[{"id":834,"href":"https:\/\/smalaelefanten.com\/beer\/wp-json\/wp\/v2\/pages\/812\/revisions\/834"}],"wp:attachment":[{"href":"https:\/\/smalaelefanten.com\/beer\/wp-json\/wp\/v2\/media?parent=812"}],"curies":[{"name":"wp","href":"https:\/\/api.w.org\/{rel}","templated":true}]}}